 Let w(v) = -7*v + 4. Let r(n) = g*w(n) - 3*y(n). Calculate r(1).
-6
Let n(o) = -5 + o + 1 - 3 + 3. Calculate n(6).
2
Suppose -2*j = -6 - 4. Let z(p) = -p**3 - p**2 + p. Let x(w) = 6*w**3 + 2*w**2 - 8*w + 3. Let n(d) = j*z(d) + x(d). Give n(4).
7
Let g(u) be the second derivative of -u**5/20 - u**4/4 - u**3/6 + 5*u**2/2 - 34*u. What is g(-4)?
25
Let d(p) = p**2 - p - 1. Let k(v) = -5*v - 18. Let x be k(-4). Give d(x).
1
Let s(z) be the third derivative of -z**5/60 + z**4/6 - z**3/2 - 6*z**2. Calculate s(2).
1
Let s(l) = -2*l + 28. Let a be s(13). Let g(m) = -1 - 5*m + 2*m + 0. Determine g(a).
-7
Let y be (0 - -1)*(-1 - -2). Let k(t) = 5*t + 1. Let s(b) = b. Let j(z) = -k(z) + 4*s(z). Give j(y).
-2
Let h(x) = 6*x**2 - 49*x**3 + 48*x**3 + 3 + 0 - 5*x. Give h(3).
15
Let o(b) be the second derivative of -b**3/3 - 3*b**2 - 17*b. What is o(-5)?
4
Let t be 2*(-4)/(-16)*-2. Let y(p) = 10*p - 4. Let b(k) = 2*k + 4. Let r(a) = 3*a + 5. Let x(q) = 4*b(q) - 3*r(q). Let s(u) = -5*x(u) - y(u). Determine s(t).
4
Let b(m) be the second derivative of 4*m + 1/360*m**6 + 0*m**2 - 5/24*m**4 + 0*m**5 + 1/6*m**3 + 0. Let s(v) be the second derivative of b(v). Determine s(4).
11
Let k(h) = 13*h**2 - h - 1. Let n be 9*-1 + (-10)/5. Let y = -12 - n. Determine k(y).
13
Let n(l) = 7*l**2 - 4 + 17*l + 4*l**3 - 20*l - 5*l**3 + 2*l**3. Give n(-7).
17
Let r(q) = q**2 + 3*q - 7. Let c(w) = 2*w**3 + 4*w**2 + 2*w - 1. Let k be c(-2). Determine r(k).
3
Let d(f) be the second derivative of 1/2*f**2 - 4*f + 0 - 1/6*f**3. Give d(0).
1
Suppose -4*y - y = -20. Let d(f) = -3*f + 5. Give d(y).
-7
Let a(x) = -x**3 - x**2 + 1. Let h(j) be the first derivative of -7*j**4/4 - 4*j**2 + 10*j - 1. Let k = 0 + 6. Let v(c) = k*a(c) - h(c). Determine v(5).
11
Let j(b) = 2*b**2 + 7*b + 2. Let n(l) = -3*l**2 - 15*l - 3. Let r(i) = -5*j(i) - 3*n(i). What is r(10)?
-1
Let t be 6/4*(-40)/(-6). Let w be t*(14/10 + -1). Let y(j) = 3*j - 6. Calculate y(w).
6
Let m(u) be the second derivative of -u**4/12 + u**3 + 3*u**2 - 10*u. Give m(8).
-10
Let t(u) = 2*u**2 - 2*u - 1. Let y(m) = m**2 - 3*m - 2. Let f(a) = -3*t(a) + 2*y(a). Give f(-1).
-5
Let f(w) = w**2 - 4*w - 5. Let n(r) = -r**3 + 8*r**2 - 5*r - 10. Suppose -12 = -g - 5. Let t be n(g). What is f(t)?
-5
Let n = -5 - -12. Let d(j) = -3*j + 9. Give d(n).
-12
Let u(b) = -6*b**3 - 4*b**2 - 6*b - 4. Let w(l) = l**3 + l + 1. Let y(h) = -u(h) - 5*w(h). What is y(-3)?
5
Let l(c) = -2*c + 5. Let r(u) = -2*u + 4. Let b(z) = 5*l(z) - 4*r(z). Calculate b(6).
-3
Suppose y = -2*b - 7 - 3, 3*b + 9 = 0. Let g be 2 - -1 - y - -1. Let k = 9 - g. Let m(j) = -6*j. Calculate m(k).
-6
Let t = -3 + -2. Let j(y) be the second derivative of -y**3/6 - 3*y**2/2 + 3*y. Let s(n) = -2*n - 6. Let h(o) = -11*j(o) + 6*s(o). Calculate h(t).
2
Let o(s) = -1 + s**2 - 2 + 5*s + 0*s**2. Suppose 0*j - j = 21. Let z = -25 - j. Determine o(z).
-7
Let m(w) = -2*w + w - 96 + 93. What is m(-3)?
0
Let y(j) = -j**2 + 14*j - 11. Let t be y(13). Let q(u) be the third derivative of 1/4*u**4 - 1/2*u**3 + 0*u - 1/60*u**5 + t*u**2 + 0. Give q(4).
5
Let o = 45 + -51. Let i(c) = -c**3 - 6*c**2 - 2*c - 6. What is i(o)?
6
Let q(d) = 24*d**2 - 23*d**2 - 1 + d - 1. What is q(2)?
4
Let a(l) = l**2 - l + 1. Let j(k) be the third derivative of k**5/12 + 2*k**3/3 + 4*k**2. Let p(d) = 6*a(d) - j(d). Give p(4).
-6
Let t(o) = o**3 + 2*o**2 + 1. Suppose -2*m - 3 = -3*i, -3*m = 3*i - m - 15. Let p(w) = -2*w + i*w - 4*w. Let v be p(1). Give t(v).
-8
Let x(a) = a**2 + a + 4. Let h be 1*(1 - (-4)/(-4)). Suppose -9*b + 4*b = h. What is x(b)?
4
Let o(b) = -2*b**3 + b**2 + b + 3. Let c(m) = -m**3 + 2. Let r(a) = 5*c(a) - 3*o(a). What is r(3)?
-8
Let x(f) = 3. Let s(i) = -i. Let u(n) = s(n) - x(n). Calculate u(0).
-3
Suppose 0 = 5*i - 10. Let v(o) = -2*o + o**i + 7*o + 0*o**2. Suppose -2*x - 8 = -0*x. Determine v(x).
-4
Suppose -5*f + 3*f - 24 = -2*w, 4*f + 8 = 0. Suppose -d - 4*d + p + 22 = 0, 5*d = 5*p + w. Let z(m) = -m**2 + 4*m + 7. Calculate z(d).
2
Suppose -3*n = -4*n + 9. Suppose -4*f = -5*i + 12, 2*i + 2*f + n = 3. Let h be (7 - 2) + (-2 - i). Let d(m) = m - 2. Give d(h).
1
Let s(h) = 5*h - 5. Let u(p) = -10*p + 9. Let j(d) = 5*s(d) + 3*u(d). Determine j(-3).
17
Let p = -27 + 33. Let j(d) = -4*d + 5*d - 2*d + 13. Determine j(p).
7
Let j(x) = -3*x. Let u be -1 - (-2)/(4 - 3). What is j(u)?
-3
Let j(r) = 5*r**2 + 5 + 6*r - 3*r**2 - r**2. Give j(-5).
0
Let i(s) = 6 - 4 + 34*s**2 - 34*s**2 - s**3 + 3*s. Let h = -3 + 3. Suppose h = -3*a - 0*a - 6. Give i(a).
4
Suppose -n = t - 0*t + 4, 5*n = 5*t. Let y(p) = -3*p - 2. Determine y(t).
4
Let z(s) = s**2 + s + 2. Suppose 2*k = -4*v + 5 + 11, -5*k + 13 = v. Calculate z(v).
14
Let c(i) = -9*i**3 + 8*i**2 + 7*i + 4. Let d(f) = -5*f**3 + 4*f**2 + 4*f + 2. Let q(y) = 4*c(y) - 7*d(y). Let k(z) = -5*z - 1. Let u be k(-1). Give q(u).
2
Suppose -6*t = -2*t - 660. Let n be t/35 + (-2)/(-7). Let c(a) = 2*a - 7. Give c(n).
3
Let p = 1 + 0. Let f(q) = 11*q + 9*q - 15*q. Give f(p).
5
Let r(x) = -x**3 - 5*x**2 + 6*x - 5. Let g be r(-6). Let k(j) = 9. Let p(d) = -d - 1. Let f(m) = -k(m) + p(m). What is f(g)?
-5
Suppose 3*t = 3*m - 6*m - 12, t + 1 = 2*m. Let j(r) = r + 2 - r**2 - 1 - 4*r**2. Calculate j(m).
-5
Suppose 0 = k - 5*t + 9, -2*k = 3*k + 5*t + 15. Let w(q) = -q - 2. Let s be w(-3). Let y(d) = -s + 0 + 6 + 2 + d. What is y(k)?
3
Suppose 6 = -y + 4*y. Let q(n) = -n**3 - 1 + 2 + y + 4*n. Let v be 4/(-18) + 240/(-135). What is q(v)?
3
Let t(w) = -w**3 - 4. Let a be (-287)/35 - 4/5. Let d be (-6)/a - 4/6. Determine t(d).
-4
Suppose -i = 4*i - 60. Suppose 0*p + i = 4*p. Let n(c) be the first derivative of -c**2/2 + 2*c - 3. What is n(p)?
-1
Suppose 0 = v + 4, 0 = -q - 2*q - 4*v - 10. Let o(f) = f - 1. What is o(q)?
1
Let w(k) = -2 + 7 + 1 - 5*k - 1. Let l(m) = -4*m + 5. Let x(t) = 6*l(t) - 5*w(t). What is x(5)?
10
Let p(o) be the second derivative of o**4/6 - 5*o**3/6 + o**2 - 12*o. Give p(3).
5
Let p(k) = k**3 + 3*k**2 - 4*k - 3. Let t(q) = q - 4. Let d be t(9). Let h be 1/((-1)/(-12) - 0). Suppose -d*m - h = -2. Calculate p(m).
9
Let h be -2*1 - (6 - 5). Let z(u) be the second derivative of -1/20*u**5 + u + u**2 - 1/3*u**3 + 0 - 1/3*u**4. Determine z(h).
-1
Suppose -a - 14 + 20 = 0. Let p(k) = -7*k + 19. Let u(m) = 4*m - 10. Let d(i) = 3*p(i) + 5*u(i). What is d(a)?
1
Suppose -15 = 3*f - 3. Let g(c) = c + 2 - 2. What is g(f)?
-4
Let y(b) = 3*b**3 + b**2 - 2*b + 1. Let c(o) = -o + 6. Let q be c(5). Determine y(q).
3
Suppose 2*j = -54 + 14. Let b = 15 - j. Suppose b = 4*n - 3*m - 0*m, -2*n + 20 = -2*m. Let p(y) = y**2 - 5*y - 4. Determine p(n).
-4
Let i(w) = -2*w + 1 + 4*w - w. Let v be i(3). Let z(y) = -y - 4 - 1 + v. What is z(1)?
-2
Suppose 5*t + 43 + 2 = -4*g, 2*t + 5*g = -18. Let i(c) = c**2 + 8*c - 4. Calculate i(t).
5
Suppose -13 = -5*y - 3. Suppose -2*q = 0, -20 = -2*g - y*g + 4*q. Let s(a) = -a**2 + 3*a + 7. Give s(g).
-3
Let y(l) = -47*l**3 - 23*l - 20. Let a(s) = -16*s**3 - 8*s - 7. Let h(u) = -17*a(u) + 6*y(u). Let k(i) = -i**2 - 6*i + 6. Let x be k(-7). Determine h(x).
11
Suppose -8*v = -3*v + 20. Let q(k) = 4*k - 3. What is q(v)?
-19
Let a(q) = 3 + 3 + 0 - q - 3. Determine a(6).
-3
Let m be (2/3)/(4/30). Suppose n = m*n - 20. Let q(v) = v**2 - 1 - 3 + 5 + v - n. Calculate q(-4).
8
Let c(m) = -m**2 + 9*m - 17. Let u be c(6). Let z(i) = -3*i - 1. Calculate z(u).
-4
Suppose 4*m - 5*m + 3 = 0. Suppose -1 = m*w - 4. Let p(y) = -2 + w + 3*y + 3. What is p(-3)?
-7
Let j(c) = -7*c - 1. Suppose -t = 1 + 2. Let k be t*(0/2 - -1). Let f = -2 - k. Determine j(f).
-8
Let g(u) = -u**2 + 4*u - 1. Let n be g(5). Let o(b) = -b**2 - 4*b + 4. Give o(n).
-8
Let i(o) = -o + 7. Let q be i(6). Let l(a) = -a + 0*a - q + 1. Give l(-6).
6
Let v(k) = -k**2 + k + 1. Suppose -y + 1 = r, 0*r - 3*r + 3 = -2*y. Suppose -3*s = -3 - y. Let c = s + 2. What is v(c)?
-5
Let k(g) = -4*g + 34. Let y be k(8). Let s(m) = 2*m**2 + m - 2. Determine s(y).
8
Let u(a) = 9*a**3 - a**2 - 4*a + 1. Let j(t) = -8*t**3 + t**2 + 3*t - 1. Let g(d) = -5*j(d) - 4*u(d). Let y be -2*(0 + (-2)/(-4)). What is g(y)?
-5
Let d(j) = -3*j + 4. Let z = -5 - -9. Suppose -z*k = -2*k - 8. Give d(k).
-8
Let k(p) = 0 + 0*p**2 + p**2 + 1. Let v(o) = -o**3 - 22*o**2 - 22*o - 20. Let z be v(-21). What is k(z)?
2
Let i(s) = s**2 + 2*s. Let 